ided by 2022?
3
Calculate the remainder when 12597895 is divided by 25.
20
What is the remainder when 204018 is divided by 5510?
148
What is the remainder when 2994723 is divided by 1404?
1395
What is the remainder when 5534098 is divided by 24487?
36
What is the remainder when 546988 is divided by 452?
68
What is the remainder when 111605 is divided by 4175?
3055
Calculate the remainder when 39144584 is divided by 74.
64
What is the remainder when 3585469 is divided by 1?
0
What is the remainder when 529263 is divided by 264573?
117
Calculate the remainder when 52745956 is divided by 26372977.
2
What is the remainder when 87610734 is divided by 16?
14
What is the remainder when 2129341 is divided by 16130?
181
What is the remainder when 240483 is divided by 1624?
131
What is the remainder when 238906 is divided by 114?
76
Calculate the remainder when 69133 is divided by 5826.
5047
What is the remainder when 3977889 is divided by 1988941?
7
Calculate the remainder when 72806833 is divided by 113.
29
What is the remainder when 3458087 is divided by 307?
39
Calculate the remainder when 462853 is divided by 11289.
4
What is the remainder when 5343168 is divided by 2207?
21
What is the remainder when 1426236 is divided by 4074?
336
Calculate the remainder when 44604 is divided by 8859.
309
What is the remainder when 26154 is divided by 1788?
1122
What is the remainder when 7503118 is divided by 401?
7
What is the remainder when 134458 is divided by 2475?
808
Calculate the remainder when 711396935 is divided by 17529.
17528
Calculate the remainder when 217368 is divided by 77.
74
What is the remainder when 492686 is divided by 1112?
70
Calculate the remainder when 141943 is divided by 588.
235
What is the remainder when 18712024 is divided by 1026?
862
Calculate the remainder when 13330 is divided by 180.
10
What is the remainder when 5237691 is divided by 644?
39
What is the remainder when 209178 is divided by 33232?
9786
What is the remainder when 70019 is divided by 9916?
607
What is the remainder when 230654 is divided by 188?
166
Calculate the remainder when 7918 is divided by 31.
13
What is the remainder when 111870165 is divided by 34?
33
Calculate the remainder when 7248956 is divided by 142.
140
Calculate the remainder when 49326705 is divided by 4371.
4341
What is the remainder when 9408187 is divided by 890?
887
What is the remainder when 318777 is divided by 26?
17
What is the remainder when 1403678 is divided by 247?
224
Calculate the remainder when 745779 is divided by 1126.
367
What is the remainder when 299610 is divided by 5255?
75
What is the remainder when 2613529 is divided by 1480?
1329
Calculate the remainder when 25381 is divided by 3135.
301
Calculate the remainder when 829074 is divided by 829069.
5
Calculate the remainder when 2445111 is divided by 407517.
9
Calculate the remainder when 19645152 is divided by 755582.
20
What is the remainder when 4600342 is divided by 11?
10
Calculate the remainder when 1053768 is divided by 1327.
130
Calculate the remainder when 553877 is divided by 33.
5
What is the remainder when 3662053 is divided by 1499?
1495
What is the remainder when 12887115 is divided by 3?
0
What is the remainder when 236175 is divided by 1389?
45
Calculate the remainder when 63096224 is divided by 10.
4
What is the remainder when 37261222 is divided by 37261207?
15
What is the remainder when 1525272 is divided by 108948?
0
Calculate the remainder when 31003 is divided by 30278.
725
What is the remainder when 1010044 is divided by 6870?
154
Calculate the remainder when 1418829 is divided by 177276.
621
Calculate the remainder when 69888 is divided by 651.
231
Calculate the remainder when 223190 is divided by 15938.
58
Calculate the remainder when 2092902 is divided by 190263.
9
What is the remainder when 7612658 is divided by 64514?
6
What is the remainder when 362657 is divided by 1278?
983
Calculate the remainder when 41131617 is divided by 147.
135
Calculate the remainder when 2492234 is divided by 146.
14
What is the remainder when 403557 is divided by 80696?
77
What is the remainder when 601195 is divided by 2822?
109
What is the remainder when 6805256 is divided by 3437?
3433
Calculate the remainder when 6341518 is divided by 2555.
8
Calculate the remainder when 90800917 is divided by 6982.
7
What is the remainder when 436309964 is divided by 491?
490
What is the remainder when 1005442 is divided by 2732?
66
Calculate the remainder when 3505129 is divided by 1168218.
475
Calculate the remainder when 272403 is divided by 136193.
17
Calculate the remainder when 97699771 is divided by 848.
843
What is the remainder when 678217335 is divided by 271?
269
Calculate the remainder when 140590395 is divided by 4964.
4951
Calculate the remainder when 2944 is divided by 2052.
892
What is the remainder when 1403657 is divided by 2?
1
What is the remainder when 5379845 is divided by 2213?
42
Calculate the remainder when 214906520 is divided by 12436.
4
What is the remainder when 2629278 is divided by 1314607?
64
Calculate the remainder when 2779742 is divided by 33488.
238
What is the remainder when 24428897 is divided by 169645?
17
Calculate the remainder when 3094792 is divided by 1014.
64
Calculate the remainder when 1199806 is divided by 2226.
2218
What is the remainder when 472684 is divided by 861?
856
What is the remainder when 2011838 is divided by 767?
764
What is the remainder when 120264 is divided by 512?
456
What is the remainder when 6382436 is divided by 1474?
16
What is the remainder when 26629 is divided by 3167?
1293
What is the remainder when 4254245 is divided by 1375?
1370
Calculate the remainder when 99908 is divided by 33240.
188
Calculate the remainder when 3495 is divided by 2064.
1431
What is the remainder when 4406149 is divided by 4114?
55
What is the remainder when 917977 is divided by 152995?
7
Calculate the remainder when 171188498 is divided by 175.
173
Calculate the remainder when 6302690 is divided by 296.
258
What is the remainder when 3071435 is divided by 15?
5
What is the remainder when 41832947 is divided by 12?
11
Calculate the remainder when 873437799 is divided by 83.
81
What is the remainder when 1356210 is divided by 446?
370
Calculate the remainder when 62507105 is divided by 1129.
20
What is the remainder when 333924 is divided by 7250?
424
What is the remainder when 237850813 is divided by 1249?
1245
What is the remainder when 71182481 is divided by 5?
1
Calculate the remainder when 36478190 is divided by 848329.
43
Calculate the remainder when 1089569 is divided by 16262.
15
Calculate the remainder when 24874100 is divided by 25100.
0
What is the remainder when 7490138 is divided by 6247?
6232
What is the remainder when 1890750 is divided by 65198?
8
Calculate the remainder when 836643 is divided by 278877.
12
What is the remainder when 584954373 is divided by 23?
19
Calculate the remainder when 3787123 is divided by 1017.
832
What is the remainder when 700520 is divided by 621?
32
Calculate the remainder when 1880377 is divided by 13058.
25
What is the remainder when 65157 is divided by 3444?
3165
Calculate the remainder when 21679098 is divided by 3613183.
0
Calculate the remainder when 1896080 is divided by 23.
6
Calculate the remainder when 240935 is divided by 2304.
1319
What is the remainder when 74415 is divided by 605?
0
What is the remainder when 4127466 is divided by 2063729?
8
Calculate the remainder when 253160 is divided by 84383.
11
Calculate the remainder when 3289057 is divided by 76485.
202
Calculate the remainder when 305571 is divided by 1212.
147
What is the remainder when 1843618 is divided by 18?
4
What is the remainder when 3755325 is divided by 28887?
15
Calculate the remainder when 444835 is divided by 3426.
2881
What is the remainder when 60992 is divided by 10072?
560
Calculate the remainder when 37182 is divided by 9174.
486
Calculate the remainder when 1244014 is divided by 1272.
1270
Calculate the remainder when 1102904 is divided by 367570.
194
What is the remainder when 3110584 is divided by 95?
94
What is the remainder when 339491 is divided by 14142?
83
What is the remainder when 58861362 is divided by 139?
5
Calculate the remainder 